{"id":1575,"date":"2017-11-08T15:20:51","date_gmt":"2017-11-08T14:20:51","guid":{"rendered":"http:\/\/www.tanzzentrumhiltrup.de\/?page_id=1575"},"modified":"2019-05-24T15:02:12","modified_gmt":"2019-05-24T14:02:12","slug":"unsere-foerderersponsoren","status":"publish","type":"page","link":"https:\/\/www.tanzzentrumhiltrup.de\/?page_id=1575","title":{"rendered":"F\u00f6rderer\/Sponsoren"},"content":{"rendered":"<p><span style=\"font-size: small;\"><strong><span style=\"font-family: sans-serif;\">Wir bedanken uns bei der Sparkasse M\u00fcnsterland Ost f\u00fcr die F\u00f6rderung unserer Juniortanzcompany Flics e.V.<\/span><\/strong><\/span>\n<\/p><p style=\"text-align: left;\"><a href=\"http:\/\/www.tanzzentrumhiltrup.de\/wp-content\/uploads\/2017\/11\/logossbklein.gif\"><img loading=\"lazy\" decoding=\"async\" class=\"size-full wp-image-1584 alignleft\" src=\"http:\/\/www.tanzzentrumhiltrup.de\/wp-content\/uploads\/2017\/11\/logossbklein.gif\" alt=\"\" width=\"160\" height=\"78\"><\/a><a href=\"http:\/\/www.tanzzentrumhiltrup.de\/wp-content\/uploads\/2017\/11\/dinamica_ballet.jpg\"><img loading=\"lazy\" decoding=\"async\" class=\"alignright size-medium wp-image-1586\" src=\"http:\/\/www.tanzzentrumhiltrup.de\/wp-content\/uploads\/2017\/11\/dinamica_ballet-300x88.jpg\" alt=\"\" width=\"300\" height=\"88\" srcset=\"https:\/\/www.tanzzentrumhiltrup.de\/wp-content\/uploads\/2017\/11\/dinamica_ballet-300x88.jpg 300w, https:\/\/www.tanzzentrumhiltrup.de\/wp-content\/uploads\/2017\/11\/dinamica_ballet-768x224.jpg 768w, https:\/\/www.tanzzentrumhiltrup.de\/wp-content\/uploads\/2017\/11\/dinamica_ballet-1024x299.jpg 1024w, https:\/\/www.tanzzentrumhiltrup.de\/wp-content\/uploads\/2017\/11\/dinamica_ballet-500x146.jpg 500w\" sizes=\"auto, (max-width: 300px) 100vw, 300px\" \/><\/a><\/p>\n\n\n<figure class=\"wp-block-image\"><img loading=\"lazy\" decoding=\"async\" width=\"1024\" height=\"317\" src=\"http:\/\/www.tanzzentrumhiltrup.de\/wp-content\/uploads\/2019\/05\/PaediProtect_Logo_PANTONE_2935C_blau_2018-1024x317.jpg\" alt=\"\" class=\"wp-image-2056\" srcset=\"https:\/\/www.tanzzentrumhiltrup.de\/wp-content\/uploads\/2019\/05\/PaediProtect_Logo_PANTONE_2935C_blau_2018-1024x317.jpg 1024w, https:\/\/www.tanzzentrumhiltrup.de\/wp-content\/uploads\/2019\/05\/PaediProtect_Logo_PANTONE_2935C_blau_2018-300x93.jpg 300w, https:\/\/www.tanzzentrumhiltrup.de\/wp-content\/uploads\/2019\/05\/PaediProtect_Logo_PANTONE_2935C_blau_2018-768x238.jpg 768w, https:\/\/www.tanzzentrumhiltrup.de\/wp-content\/uploads\/2019\/05\/PaediProtect_Logo_PANTONE_2935C_blau_2018-500x155.jpg 500w, https:\/\/www.tanzzentrumhiltrup.de\/wp-content\/uploads\/2019\/05\/PaediProtect_Logo_PANTONE_2935C_blau_2018.jpg 1854w\" sizes=\"auto, (max-width: 1024px) 100vw, 1024px\" \/><\/figure>\n\n\n\n<h2 class=\"wp-block-heading\"><\/h2>\n\n\n\n<p>Die Paedi\nProtect AG wurde im Juli 2013 gegr\u00fcndet und ist im Gesch\u00e4ftsfeld der Hautpflege\nf\u00fcr Kinder und Erwachsene t\u00e4tig. Bei der Entwicklung aller Produkte legt Paedi\nProtect gr\u00f6\u00dften Wert darauf, dass sie f\u00fcr sensible und empfindliche Haut\ngeeignet sind. So wird auf Inhaltsstoffe verzichtet, die daf\u00fcr bekannt sind ein\nAllergierisiko zu bergen. <\/p>\n\n\n\n<p>Die erste\nProduktentwicklung, die Wind &amp; Wettercreme f\u00fcr Babys und Kinder, mit LSF\n15, wurde in 2014 in den Markt eingef\u00fchrt und ist bis heute die einzige Creme\nihrer Art mit einem nachgewiesenen Lichtschutzfaktor. Danach folgten Meeres-,\nGebirgs-, und Alpinsonnencreme und im Januar 2019 die PAEDIPROTECT Pflegelinie.\n<\/p>\n\n\n\n<p>Mehr\nInformationen zum Unternehmen und zu den Produkten sind unter paediprotect.de\nzu finden. <\/p>\n\n\n\n<p><\/p>\n","protected":false},"excerpt":{"rendered":"<p>Wir bedanken uns bei der Sparkasse M\u00fcnsterland Ost f\u00fcr die F\u00f6rderung unserer Juniortanzcompany Flics e.V. Die Paedi Protect AG wurde im Juli 2013 gegr\u00fcndet und ist im Gesch\u00e4ftsfeld der Hautpflege f\u00fcr Kinder und Erwachsene t\u00e4tig. Bei der Entwicklung aller Produkte &hellip; <a href=\"https:\/\/www.tanzzentrumhiltrup.de\/?page_id=1575\">Weiterlesen <span class=\"meta-nav\">&rarr;<\/span><\/a><\/p>\n","protected":false},"author":3,"featured_media":0,"parent":526,"menu_order":0,"comment_status":"closed","ping_status":"closed","template":"sidebar-page.php","meta":{"ngg_post_thumbnail":0,"footnotes":""},"class_list":["post-1575","page","type-page","status-publish","hentry"],"_links":{"self":[{"href":"https:\/\/www.tanzzentrumhiltrup.de\/index.php?rest_route=\/wp\/v2\/pages\/1575","targetHints":{"allow":["GET"]}}],"collection":[{"href":"https:\/\/www.tanzzentrumhiltrup.de\/index.php?rest_route=\/wp\/v2\/pages"}],"about":[{"href":"https:\/\/www.tanzzentrumhiltrup.de\/index.php?rest_route=\/wp\/v2\/types\/page"}],"author":[{"embeddable":true,"href":"https:\/\/www.tanzzentrumhiltrup.de\/index.php?rest_route=\/wp\/v2\/users\/3"}],"replies":[{"embeddable":true,"href":"https:\/\/www.tanzzentrumhiltrup.de\/index.php?rest_route=%2Fwp%2Fv2%2Fcomments&post=1575"}],"version-history":[{"count":6,"href":"https:\/\/www.tanzzentrumhiltrup.de\/index.php?rest_route=\/wp\/v2\/pages\/1575\/revisions"}],"predecessor-version":[{"id":2058,"href":"https:\/\/www.tanzzentrumhiltrup.de\/index.php?rest_route=\/wp\/v2\/pages\/1575\/revisions\/2058"}],"up":[{"embeddable":true,"href":"https:\/\/www.tanzzentrumhiltrup.de\/index.php?rest_route=\/wp\/v2\/pages\/526"}],"wp:attachment":[{"href":"https:\/\/www.tanzzentrumhiltrup.de\/index.php?rest_route=%2Fwp%2Fv2%2Fmedia&parent=1575"}],"curies":[{"name":"wp","href":"https:\/\/api.w.org\/{rel}","templated":true}]}}